{"id":176,"date":"2018-11-03T16:37:59","date_gmt":"2018-11-03T15:37:59","guid":{"rendered":"http:\/\/moonlightkiss.eu\/?page_id=176"},"modified":"2018-11-04T19:33:38","modified_gmt":"2018-11-04T18:33:38","slug":"news-2017-nowosci-2017","status":"publish","type":"page","link":"https:\/\/moonlightkiss.eu\/index.php\/2-2\/news-2017-nowosci-2017\/","title":{"rendered":"NEWS 2017 \/ Nowo\u015bci 2017"},"content":{"rendered":"<p>____________________________________________________________________________________<\/p>\n<p><span style=\"color: #ff0000;\">2.12.2017r International Dog Show\u00a0San Marino \/ Mi\u0119dzynarodowa wystawa San Marino<\/span><\/p>\n<ul>\n<li><strong>ROBBER Laurettisza &#8222;Stitch&#8221;<\/strong> &#8211; 1 excellent, CAC, CACIB !!!!<br \/>\n\/lokata 1, ocena doskona\u0142a, CWC, CACIB\/<\/li>\n<\/ul>\n<p>Stitch is <span style=\"color: #ff0000;\">CHAMPION San Marino<\/span> !!!<\/p>\n<p>\/Stitch zosta\u0142 <span style=\"color: #ff0000;\">CHAMPIONEM SAN MARINO<\/span>!!!!!<\/p>\n<p>Big congratulations to owner: Elena Armani!!!!<\/p>\n<p>(ROOBER&#8217;s parents :<\/p>\n<p>MultiCH, Grand CH Toot Sweets CONFETTI IN THE SNOW &#8222;Cony&#8221;\u00a0x <strong>CH. KISS MOONLIGHT Laurettisza &#8222;Muna<\/strong>&#8222;)<\/p>\n<p><img loading=\"lazy\" decoding=\"async\" class=\"alignnone size-full wp-image-232\" src=\"http:\/\/moonlightkiss.eu\/wp-content\/uploads\/2018\/11\/27.jpg\" alt=\"\" width=\"1334\" height=\"750\" srcset=\"https:\/\/moonlightkiss.eu\/wp-content\/uploads\/2018\/11\/27.jpg 1334w, https:\/\/moonlightkiss.eu\/wp-content\/uploads\/2018\/11\/27-300x169.jpg 300w, https:\/\/moonlightkiss.eu\/wp-content\/uploads\/2018\/11\/27-768x432.jpg 768w, https:\/\/moonlightkiss.eu\/wp-content\/uploads\/2018\/11\/27-1024x576.jpg 1024w, https:\/\/moonlightkiss.eu\/wp-content\/uploads\/2018\/11\/27-500x281.jpg 500w\" sizes=\"(max-width: 1334px) 100vw, 1334px\" \/><\/p>\n<p><img loading=\"lazy\" decoding=\"async\" class=\"alignnone size-full wp-image-233\" src=\"http:\/\/moonlightkiss.eu\/wp-content\/uploads\/2018\/11\/28.jpg\" alt=\"\" width=\"720\" height=\"960\" srcset=\"https:\/\/moonlightkiss.eu\/wp-content\/uploads\/2018\/11\/28.jpg 720w, https:\/\/moonlightkiss.eu\/wp-content\/uploads\/2018\/11\/28-225x300.jpg 225w\" sizes=\"(max-width: 720px) 100vw, 720px\" \/><\/p>\n<p>&nbsp;<\/p>\n<p>_____________________________________________________________________________________<\/p>\n<div class=\"_5wd4 _1nc7\">\n<div class=\"_h8t\">\n<div class=\"_5wd9 direction_ltr\">\n<div class=\"_5wde _n4o\">\n<div class=\"_5w1r _3_om _5wdf\">\n<div class=\"_4gx_\">\n<div class=\"_d97\"><span class=\"_5yl5\" style=\"color: #ff0000;\">19.11.2017r. I National Dog Show, Piaseczno \/I Krajowa wystawa Ps\u00f3w Rasowych Pruszk\u00f3w (O\/Piaseczno)<\/span><\/div>\n<\/div>\n<\/div>\n<\/div>\n<div class=\"_d97\">\u00a0 .<\/div>\n<div class=\"_5wde _n4o\">\n<div class=\"_5w1r _3_om _5wdf\">\n<div class=\"_d97\"><em>Judge: Zdenka Jilkova (CZ)<\/em><\/div>\n<div class=\"_d97\">\u00a0 .<\/div>\n<ul>\n<li class=\"_d97\"><strong>WINTER STORM Laurettisza &#8222;Bijou&#8221;<\/strong> \/junior class\/ &#8211; I, Junior Winner, Youth Winner!!! JBOS!!<br \/>\n\/Lokata 1\/2, ocena doskona\u0142a, Zwyci\u0119zca M\u0142odzie\u017cy, Najlepsza suka w M\u0142odzie\u017cy!!!\/<\/li>\n<\/ul>\n<div class=\"_d97\"><\/div>\n<div><img loading=\"lazy\" decoding=\"async\" class=\"alignnone size-full wp-image-234\" src=\"http:\/\/moonlightkiss.eu\/wp-content\/uploads\/2018\/11\/29.jpg\" alt=\"\" width=\"1100\" height=\"733\" srcset=\"https:\/\/moonlightkiss.eu\/wp-content\/uploads\/2018\/11\/29.jpg 1100w, https:\/\/moonlightkiss.eu\/wp-content\/uploads\/2018\/11\/29-300x200.jpg 300w, https:\/\/moonlightkiss.eu\/wp-content\/uploads\/2018\/11\/29-768x512.jpg 768w, https:\/\/moonlightkiss.eu\/wp-content\/uploads\/2018\/11\/29-1024x682.jpg 1024w, https:\/\/moonlightkiss.eu\/wp-content\/uploads\/2018\/11\/29-450x300.jpg 450w\" sizes=\"(max-width: 1100px) 100vw, 1100px\" \/><\/div>\n<div class=\"_d97\">(Bijou&#8217;s parents : CH. IMPRESSIVE PRESTO Mano Velvetas x <strong>CH. KISS MOONLIGHT Laurettisza &#8222;Muna&#8221;<\/strong> )<\/div>\n<\/div>\n<\/div>\n<\/div>\n<\/div>\n<\/div>\n<p>_____________________________________________________________________________________<\/p>\n<p><span style=\"color: #ff0000;\">4.11.2017r. Born Litter \u201eC\u201d \/ Narodziny Miotu &#8222;C&#8221;<\/span><\/p>\n<p>Born : 1 female &amp; 2 males\u00a0 \/ Urodzi\u0142a si\u0119 1 dziewczynka i 2 ch\u0142opc\u00f3w.<\/p>\n<p><img loading=\"lazy\" decoding=\"async\" class=\"alignnone size-full wp-image-235\" src=\"http:\/\/moonlightkiss.eu\/wp-content\/uploads\/2018\/11\/30-1.jpg\" alt=\"\" width=\"1270\" height=\"1198\" srcset=\"https:\/\/moonlightkiss.eu\/wp-content\/uploads\/2018\/11\/30-1.jpg 1270w, https:\/\/moonlightkiss.eu\/wp-content\/uploads\/2018\/11\/30-1-300x283.jpg 300w, https:\/\/moonlightkiss.eu\/wp-content\/uploads\/2018\/11\/30-1-768x724.jpg 768w, https:\/\/moonlightkiss.eu\/wp-content\/uploads\/2018\/11\/30-1-1024x966.jpg 1024w, https:\/\/moonlightkiss.eu\/wp-content\/uploads\/2018\/11\/30-1-318x300.jpg 318w\" sizes=\"(max-width: 1270px) 100vw, 1270px\" \/><\/p>\n<p>____________________________________________________________________________________<\/p>\n<p><span style=\"color: #ff0000;\">08.10.2017r National Dog Show Nowy Dw\u00f3r Mazowiecki, Warszawa<\/span><br \/>\n<span style=\"color: #ff0000;\">Krajowa Wystawa Ps\u00f3w, Warszawa<\/span><\/p>\n<ul>\n<li><strong>WINTER STORM Laurettisza &#8222;Bijou&#8221;<\/strong> \/Junior Class\/<br \/>\n*\u00a0place I, excellent, Junior Winner(JCAC),JBOS and BOS !!!<\/li>\n<\/ul>\n<p><span style=\"color: #ff0000;\">BIJOU\u00a0 finished JUNIOR POLISH CHAMPION!!!!!!!<\/span><\/p>\n<p>Bijou is only 11,5 months old !<\/p>\n<div class=\"text_exposed_show\">\n<p><span style=\"color: #ff0000;\">BIJOU ZAKO\u0143CZY\u0141A M\u0141ODZIE\u017bOWY CHAMPIONAT POLSKI!!!!!!!!<\/span>\u00a0maj\u0105c jedynie 11,5 miesi\u0105ca !<br \/>\nzaj\u0119\u0142a: lokat\u0119 I, dostaj\u0105c ocen\u0119 doskona\u0142\u0105 oraz tytu\u0142y: Zwyci\u0119zca M\u0142odzie\u017cy, Najlepszy Junior w Rasie P\u0142ci Przeciwnej oraz wygra\u0142a por\u00f3wnanie z doros\u0142ymi suczkami uzyskuj\u0105c tytu\u0142 Najlepszej Suczki w Rasie = ZWYCI\u0118ZCA RASY P\u0142ci Przeciwnej!<\/p>\n<\/div>\n<p>&nbsp;<\/p>\n<p><img loading=\"lazy\" decoding=\"async\" class=\"alignnone size-full wp-image-236\" src=\"http:\/\/moonlightkiss.eu\/wp-content\/uploads\/2018\/11\/31.jpg\" alt=\"\" width=\"1203\" height=\"764\" srcset=\"https:\/\/moonlightkiss.eu\/wp-content\/uploads\/2018\/11\/31.jpg 1203w, https:\/\/moonlightkiss.eu\/wp-content\/uploads\/2018\/11\/31-300x191.jpg 300w, https:\/\/moonlightkiss.eu\/wp-content\/uploads\/2018\/11\/31-768x488.jpg 768w, https:\/\/moonlightkiss.eu\/wp-content\/uploads\/2018\/11\/31-1024x650.jpg 1024w, https:\/\/moonlightkiss.eu\/wp-content\/uploads\/2018\/11\/31-472x300.jpg 472w\" sizes=\"(max-width: 1203px) 100vw, 1203px\" \/><\/p>\n<div class=\"text_exposed_show\">\n<p>(Bijou&#8217;s parents : CH. IMPRESSIVE PRESTO Mano Velvetas x <strong>CH. KISS MOONLIGHT Laurettisza &#8222;Muna&#8221;<\/strong> )<\/p>\n<\/div>\n<p>____________________________________________________________________________________<\/p>\n<p><span style=\"color: #ff0000;\">16.09.2017 National Show 9 Droup FCI- &#8222;TOY STAR&#8221; BIG CAC, Wawrzkowizna (O\/\u0141\u00f3d\u017a)<\/span><br \/>\n<span style=\"color: #ff0000;\">Specjalistyczna Wystawa Ps\u00f3w 9 Grupy FCI &#8211; &#8222;TOY STAR&#8221;, Wawrzkowizna\u00a0<\/span><\/p>\n<ul>\n<li><strong>WINTER STORM Laurettisza &#8222;Bijou&#8221;<\/strong>\/ Junior Class\/<br \/>\n*place I\/III, excellent, Youth Winner (JCAC), Best Junior (JBOB) !!!<br \/>\n*lokata I\/III, ocena doskona\u0142a, Zwyci\u0119zca M\u0142odzie\u017cy, NAJLEPSZY JUNIOR W RASIE w por\u00f3wnaniu z psem !!!<br \/>\n.<br \/>\n( Bijou&#8217;s parents: CH. IMPRESSIVE PRESTO Mano Velvetas x <strong>CH. KISS MOONLIGHT Laurettisza &#8222;Muna&#8221;<\/strong> )<\/li>\n<\/ul>\n<p>WINTER STORM Laurettisza &#8222;Bijou&#8221; :<\/p>\n<p>&nbsp;<\/p>\n<p><img loading=\"lazy\" decoding=\"async\" class=\"alignnone size-full wp-image-237\" src=\"http:\/\/moonlightkiss.eu\/wp-content\/uploads\/2018\/11\/32-1.jpg\" alt=\"\" width=\"1100\" height=\"798\" srcset=\"https:\/\/moonlightkiss.eu\/wp-content\/uploads\/2018\/11\/32-1.jpg 1100w, https:\/\/moonlightkiss.eu\/wp-content\/uploads\/2018\/11\/32-1-300x218.jpg 300w, https:\/\/moonlightkiss.eu\/wp-content\/uploads\/2018\/11\/32-1-768x557.jpg 768w, https:\/\/moonlightkiss.eu\/wp-content\/uploads\/2018\/11\/32-1-1024x743.jpg 1024w, https:\/\/moonlightkiss.eu\/wp-content\/uploads\/2018\/11\/32-1-414x300.jpg 414w\" sizes=\"(max-width: 1100px) 100vw, 1100px\" \/><\/p>\n<p>____________________________________________________________________________________<\/p>\n<p><span style=\"color: #ff0000;\">10.09.2017r National Dog Show Stara Mi\u0142osna, Warszawa \/ Krajowa Wystawa Ps\u00f3w<\/span><\/p>\n<ul>\n<li><strong>WINTER STORM Laurettisza &#8222;Bijou&#8221;<\/strong><br \/>\n\/first time in Junior Class \/ start JUNIOR POLISH CHAMPION!!!!!!!<br \/>\n* place I\/II, excellent, Junior Winner JCAC, JBOS<\/li>\n<\/ul>\n<p>Bijou by\u0142a wystawiona pierwszy raz w klasie M\u0142odzie\u017cy, zdoby\u0142a :<br \/>\n* lokate I\/II, ocen\u0119 doskona\u0142\u0105 i tytu\u0142 Zwyci\u0119zca M\u0142odzie\u017cy, Najlepszy Junior w Rasie P\u0142ci Przeciwnej.<\/p>\n<p>Bijou rozpocz\u0119\u0142a M\u0141ODZIE\u017bOWY CHAMPIONAT POLSKI!!!!<\/p>\n<p>&nbsp;<\/p>\n<p><img loading=\"lazy\" decoding=\"async\" class=\"alignnone size-full wp-image-238\" src=\"http:\/\/moonlightkiss.eu\/wp-content\/uploads\/2018\/11\/33-1.jpg\" alt=\"\" width=\"1289\" height=\"837\" srcset=\"https:\/\/moonlightkiss.eu\/wp-content\/uploads\/2018\/11\/33-1.jpg 1289w, https:\/\/moonlightkiss.eu\/wp-content\/uploads\/2018\/11\/33-1-300x195.jpg 300w, https:\/\/moonlightkiss.eu\/wp-content\/uploads\/2018\/11\/33-1-768x499.jpg 768w, https:\/\/moonlightkiss.eu\/wp-content\/uploads\/2018\/11\/33-1-1024x665.jpg 1024w, https:\/\/moonlightkiss.eu\/wp-content\/uploads\/2018\/11\/33-1-462x300.jpg 462w\" sizes=\"(max-width: 1289px) 100vw, 1289px\" \/><\/p>\n<p>(Bijou&#8217;s parents : CH. IMPRESSIVE PRESTO Mano Velvetas x <strong>CH. KISS MOONLIGHT Laurettisza &#8222;Muna&#8221;<\/strong> )<\/p>\n<p>____________________________________________________________________________________<\/p>\n<p><span style=\"color: #ff0000;\">9-10.09.2017r. Dog Show 2xCACIB\u00a0Karlovac Croatia \/ 2xMi\u0119dzynarodowa Wystawa Ps\u00f3w Chorwacja\u00a0<\/span><\/p>\n<ul>\n<li><strong>ROBBER Laurettisza &#8222;Stitch&#8221;<\/strong><br \/>\n* excellent, I place, CAC CACIB<br \/>\n* excellent, I place, \u00a0CAC<\/li>\n<\/ul>\n<p>Stitch is a new <span style=\"color: #ff0000;\">CROATIAN CHAMPION!!!!!!<\/span><br \/>\nStitch jest nowym <span style=\"color: #ff0000;\">Championem Chorwacji !!!!!!!!<\/span><\/p>\n<p>BIG CONGRATULATIONS to owner : Elena Armanii<\/p>\n<p>&nbsp;<\/p>\n<p><img loading=\"lazy\" decoding=\"async\" class=\"alignnone size-full wp-image-239\" src=\"http:\/\/moonlightkiss.eu\/wp-content\/uploads\/2018\/11\/34.jpg\" alt=\"\" width=\"1341\" height=\"718\" srcset=\"https:\/\/moonlightkiss.eu\/wp-content\/uploads\/2018\/11\/34.jpg 1341w, https:\/\/moonlightkiss.eu\/wp-content\/uploads\/2018\/11\/34-300x161.jpg 300w, https:\/\/moonlightkiss.eu\/wp-content\/uploads\/2018\/11\/34-768x411.jpg 768w, https:\/\/moonlightkiss.eu\/wp-content\/uploads\/2018\/11\/34-1024x548.jpg 1024w, https:\/\/moonlightkiss.eu\/wp-content\/uploads\/2018\/11\/34-500x268.jpg 500w\" sizes=\"(max-width: 1341px) 100vw, 1341px\" \/><\/p>\n<p>(ROOBER&#8217;s parents : MultiCH, Grand CH Toot Sweets CONFETTI IN THE SNOW &#8222;Cony&#8221;\u00a0x <strong>CH. KISS MOONLIGHT Laurettisza &#8222;Muna&#8221;<\/strong>)<\/p>\n<p>_________________________________________________________________________________<\/p>\n<p><span style=\"color: #ff0000;\">27.08.2017 Dog Show Sweden \/ Wystawa Ps\u00f3w Szwecja<\/span><\/p>\n<ul>\n<li><strong>WALNUT COFFEE CREAM Laurettisza<\/strong> &#8211; place I, excellent, BOB, Best of GROUP!!!!!<\/li>\n<\/ul>\n<p>BIG CONGRATULATIONS to owner : \u00a0Gun Svensson<\/p>\n<p>&nbsp;<\/p>\n<p><img loading=\"lazy\" decoding=\"async\" class=\"alignnone size-full wp-image-240\" src=\"http:\/\/moonlightkiss.eu\/wp-content\/uploads\/2018\/11\/35.jpg\" alt=\"\" width=\"720\" height=\"960\" srcset=\"https:\/\/moonlightkiss.eu\/wp-content\/uploads\/2018\/11\/35.jpg 720w, https:\/\/moonlightkiss.eu\/wp-content\/uploads\/2018\/11\/35-225x300.jpg 225w\" sizes=\"(max-width: 720px) 100vw, 720px\" \/><\/p>\n<p>(COFFEE&#8217;s parents : CH. IMPRESSIVE PRESTO Mano Velvetas x <strong>CH. KISS MOONLIGHT Laurettisza &#8222;Muna&#8221;<\/strong>)<\/p>\n<p>__________________________________________________________________________________<\/p>\n<p><span style=\"color: #ff0000;\">9.07.2017 International Dog Show Warszawa<\/span><\/p>\n<ul>\n<li><strong>WINTER STORM Laurettisza &#8222;Bijou&#8221;\u00a0<\/strong><br \/>\n&#8211; place 1, very promissing, BOB Puppy !!!!!<br \/>\n\/lokata 1, wybitnie obiecuj\u0105ca, Najlepsze Szczeni\u0119 w Rasie!!!!!\/<\/li>\n<\/ul>\n<p>(Bijou&#8217;s parents:\u00a0 CH IMPRESSIVE PRESTO Mano Velvetas x <strong>CH KISS MOONLIGHT Laurettisza &#8222;Muna&#8221;<\/strong> )<\/p>\n<p>&nbsp;<\/p>\n<p><img loading=\"lazy\" decoding=\"async\" class=\"alignnone size-full wp-image-241\" src=\"http:\/\/moonlightkiss.eu\/wp-content\/uploads\/2018\/11\/36-1.jpg\" alt=\"\" width=\"998\" height=\"1566\" srcset=\"https:\/\/moonlightkiss.eu\/wp-content\/uploads\/2018\/11\/36-1.jpg 998w, https:\/\/moonlightkiss.eu\/wp-content\/uploads\/2018\/11\/36-1-191x300.jpg 191w, https:\/\/moonlightkiss.eu\/wp-content\/uploads\/2018\/11\/36-1-768x1205.jpg 768w, https:\/\/moonlightkiss.eu\/wp-content\/uploads\/2018\/11\/36-1-653x1024.jpg 653w\" sizes=\"(max-width: 998px) 100vw, 998px\" \/><\/p>\n<p>___________________________________________________________________________________<\/p>\n<p>&nbsp;<\/p>\n<p><span style=\"color: #ff0000;\">28.05.2017 National Dog Show I\u0142\u017ca \/Radom \/ Krajowa Wystawa Ps\u00f3w I\u0142\u017ca oddzia\u0142 Radom<\/span><\/p>\n<ul>\n<li><strong>WINTER STORM Laurettisza<\/strong> &#8222;Bijou&#8221;- 1, very promissing, BOS Puppy!<br \/>\n\/lokata I, ocena wybitnie obiecuj\u0105ca, Najlepsza suczka szczeniak w Rasie !<\/li>\n<\/ul>\n<p>&nbsp;<\/p>\n<p><img loading=\"lazy\" decoding=\"async\" class=\"alignnone size-full wp-image-242\" src=\"http:\/\/moonlightkiss.eu\/wp-content\/uploads\/2018\/11\/37-i\u0142za.jpg\" alt=\"\" width=\"995\" height=\"396\" srcset=\"https:\/\/moonlightkiss.eu\/wp-content\/uploads\/2018\/11\/37-i\u0142za.jpg 995w, https:\/\/moonlightkiss.eu\/wp-content\/uploads\/2018\/11\/37-i\u0142za-300x119.jpg 300w, https:\/\/moonlightkiss.eu\/wp-content\/uploads\/2018\/11\/37-i\u0142za-768x306.jpg 768w, https:\/\/moonlightkiss.eu\/wp-content\/uploads\/2018\/11\/37-i\u0142za-500x199.jpg 500w\" sizes=\"(max-width: 995px) 100vw, 995px\" \/><\/p>\n<p>_____________________________________________________________________________________<\/p>\n<p><span style=\"color: #ff0000;\">9.04.2017 International Dog Show Montichiari , Italy \/ Mi\u0119dzynarodowa Wystawa Ps\u00f3w Montichiari , W\u0142ochy<\/span><\/p>\n<ul>\n<li><strong>JCH. ROBBER Laurettisza &#8222;Stitch&#8221;<\/strong> &#8211; 1 excellent, CAC, CACIB GARDA WINNER !!!!!<\/li>\n<\/ul>\n<p><em>\/Judge Cochetti Francesco\/<\/em><\/p>\n<p>BIG CONGRATULATIONS to owner Elena Armani !!<\/p>\n<p>&nbsp;<\/p>\n<p><img loading=\"lazy\" decoding=\"async\" class=\"alignnone size-full wp-image-243\" src=\"http:\/\/moonlightkiss.eu\/wp-content\/uploads\/2018\/11\/38-1.jpg\" alt=\"\" width=\"720\" height=\"960\" srcset=\"https:\/\/moonlightkiss.eu\/wp-content\/uploads\/2018\/11\/38-1.jpg 720w, https:\/\/moonlightkiss.eu\/wp-content\/uploads\/2018\/11\/38-1-225x300.jpg 225w\" sizes=\"(max-width: 720px) 100vw, 720px\" \/><\/p>\n<p>( ROBBER&#8217;s parents:<br \/>\nMultiCH, GrandCH, CH Toot Sweet&#8217;s CONFETTI IN THE SNOW &#8222;Cony&#8221; x <strong>CH KISS MOONLIGHT Laurettisza &#8222;Muna&#8221;<\/strong> )<\/p>\n<p>_____________________________________________________________________________________<\/p>\n<p><span style=\"text-decoration: underline; color: #ff0000;\">19.03.2017 International Dog Show Katowice \/ Mi\u0119dzynarodowa Wystawa, Katowice<\/span><\/p>\n<ul>\n<li><strong>WINTER STORM Laurettisza &#8222;Bijou&#8221;<\/strong> \/class Minor Puppy\/ &#8211; 1, Very Promising, BOB MINOR PUPPY<br \/>\n\/NAJLEPSZE SZCZENI\u0118 W RASIE!\/<\/li>\n<\/ul>\n<ul>\n<li>\u00a0<strong>WALNUT COFFEE CREAM Laurettisza &#8222;Coffee&#8221;<\/strong> \/class Minor Puppy\/ &#8211; 2, Very Promising<\/li>\n<\/ul>\n<p><em>Judge : Dirk Spruyt (Belgium)<\/em><\/p>\n<p>&nbsp;<\/p>\n<p><img loading=\"lazy\" decoding=\"async\" class=\"alignnone size-full wp-image-244\" src=\"http:\/\/moonlightkiss.eu\/wp-content\/uploads\/2018\/11\/39.jpg\" alt=\"\" width=\"1200\" height=\"864\" srcset=\"https:\/\/moonlightkiss.eu\/wp-content\/uploads\/2018\/11\/39.jpg 1200w, https:\/\/moonlightkiss.eu\/wp-content\/uploads\/2018\/11\/39-300x216.jpg 300w, https:\/\/moonlightkiss.eu\/wp-content\/uploads\/2018\/11\/39-768x553.jpg 768w, https:\/\/moonlightkiss.eu\/wp-content\/uploads\/2018\/11\/39-1024x737.jpg 1024w, https:\/\/moonlightkiss.eu\/wp-content\/uploads\/2018\/11\/39-417x300.jpg 417w\" sizes=\"(max-width: 1200px) 100vw, 1200px\" \/><\/p>\n<p>(COFFEE&#8217;s &amp; BIJOU&#8217;s parents : CH. IMPRESSIVE PRESTO Mano Velvetas x <strong>CH. KISS MOONLIGHT Laurettisza &#8222;Muna&#8221;<\/strong>)<\/p>\n<p>_____________________________________________________________________________________<\/p>\n<p><span style=\"text-decoration: underline; color: #ff0000;\">19.03.2017 Speciality Show for Papillon &#8211; International Dog Show Reggio Emilia, Italy<\/span><br \/>\n<span style=\"text-decoration: underline; color: #ff0000;\">Midzynarodowa Wystawa Specjlna dla Rasy Pappillon, W\u0142ochy<\/span><\/p>\n<p><em>Judge Vidal Montero Jose<\/em><\/p>\n<ul>\n<li><strong>J.CH ROBBER Laurettisza &#8222;Stitch&#8221;\u00a0<\/strong>\/open class\/ &#8211; 1 , EXCELLENT, \u00a0R.CAC<\/li>\n<\/ul>\n<p>BIG CONGRATULATIONS to owner Elena Armani !!<\/p>\n<p>&nbsp;<\/p>\n<p><img loading=\"lazy\" decoding=\"async\" class=\"alignnone size-full wp-image-245\" src=\"http:\/\/moonlightkiss.eu\/wp-content\/uploads\/2018\/11\/40-1.jpg\" alt=\"\" width=\"960\" height=\"764\" srcset=\"https:\/\/moonlightkiss.eu\/wp-content\/uploads\/2018\/11\/40-1.jpg 960w, https:\/\/moonlightkiss.eu\/wp-content\/uploads\/2018\/11\/40-1-300x239.jpg 300w, https:\/\/moonlightkiss.eu\/wp-content\/uploads\/2018\/11\/40-1-768x611.jpg 768w, https:\/\/moonlightkiss.eu\/wp-content\/uploads\/2018\/11\/40-1-377x300.jpg 377w\" sizes=\"(max-width: 960px) 100vw, 960px\" \/><\/p>\n<p>( ROBBER&#8217;s parents:<br \/>\nMultiCH, GrandCH, CH Toot Sweet&#8217;s CONFETTI IN THE SNOW &#8222;Cony&#8221; x <strong>CH KISS MOONLIGHT Laurettisza &#8222;Muna&#8221;<\/strong> )<\/p>\n<p>____________________________________________________________________________________<\/p>\n<p><span style=\"text-decoration: underline; color: #ff0000;\">11.03.2017 National Dog Show San Marino \/ Krajowa Wystawa Ps\u00f3w San Marino\u00a0<\/span><\/p>\n<p><strong>J.CH ROBBER Laurettisza &#8222;Stitch&#8221;<\/strong>\u00a0 \u00a0\u00a0<span style=\"color: #ff0000;\">started Champion San Marino !!!!!<\/span><\/p>\n<ul>\n<li>\u00a01, excellend, CAC \/Intermediate class\/<br \/>\n<em>Judge Ruiz Rodriguez<\/em><\/li>\n<\/ul>\n<p><span style=\"text-decoration: underline; color: #ff0000;\"><span class=\"text_exposed_show\">12.03.2017 International Dog Show San Marino \/ Mi\u0119dzynarodowa Wystawa Ps\u00f3w San Marino<\/span><\/span><\/p>\n<p><span class=\"text_exposed_show\"><strong>J.CH ROBBER Laurettisza &#8222;Stitch&#8221;<\/strong><\/span><\/p>\n<ul>\n<li><span class=\"text_exposed_show\"><span class=\"text_exposed_show\">1, excellent, CAC, Res. CACIB \/Intermediate class\/<br \/>\n<em>Judge Horak Karel<\/em><\/span><\/span>BIG CONGRATULATIONS to owner Elena Armani !!<\/li>\n<\/ul>\n<p>&nbsp;<\/p>\n<p><img loading=\"lazy\" decoding=\"async\" class=\"alignnone size-full wp-image-246\" src=\"http:\/\/moonlightkiss.eu\/wp-content\/uploads\/2018\/11\/41-1.jpg\" alt=\"\" width=\"918\" height=\"747\" srcset=\"https:\/\/moonlightkiss.eu\/wp-content\/uploads\/2018\/11\/41-1.jpg 918w, https:\/\/moonlightkiss.eu\/wp-content\/uploads\/2018\/11\/41-1-300x244.jpg 300w, https:\/\/moonlightkiss.eu\/wp-content\/uploads\/2018\/11\/41-1-768x625.jpg 768w, https:\/\/moonlightkiss.eu\/wp-content\/uploads\/2018\/11\/41-1-369x300.jpg 369w\" sizes=\"(max-width: 918px) 100vw, 918px\" \/><\/p>\n<p>( ROBBER&#8217;s parents:<br \/>\nMultiCH, GrandCH, CH Toot Sweet&#8217;s CONFETTI IN THE SNOW &#8222;Cony&#8221; x CH KISS MOONLIGHT Laurettisza &#8222;Muna&#8221; )<\/p>\n<p>_____________________________________________________________________________________<\/p>\n<p>&nbsp;<\/p>\n<p><span style=\"text-decoration: underline;\"><span style=\"color: #ff0000; text-decoration: underline;\">25.02.2017 National Dog Show, Lublin \/ Krajowa Wystawa ps\u00f3w Lublin<\/span><\/span><\/p>\n<ul>\n<li><strong>WALNUT COFFEE CREAM Laurettisza &#8222;Coffee&#8221;<\/strong> (Minor Puppy class)<br \/>\nI, VERY PROMISING, BOB Minor Puppy !!!<\/li>\n<\/ul>\n<p><strong><span style=\"color: #993300;\">!!!! Minor Puppy BEST IN SHOW 4 !!!!<br \/>\n<em>!!! NAJLEPSZE M\u0141ODSZE SZCZ\u0118NI\u0118 WYSTAWY LOKATA 4 !!!<\/em><\/span><\/strong><\/p>\n<ul>\n<li><strong>WINTER STORM Laurettisza &#8222;Bijou&#8221; <\/strong>(Minor Puppy class)<br \/>\nII, VERY PROMISING<\/li>\n<\/ul>\n<p>&nbsp;<\/p>\n<p>It was for COFFEE &amp; BIJOU first Dog Show !<br \/>\nBoth got excellent description, but the winner can be only one \ud83d\ude42<\/p>\n<p><em>To by\u0142a pierwsza w \u017cyciu wystawa dla obu si\u00f3str : Coffee i Bijou, obie dosta\u0142y doskona\u0142y opis, ale pierwsze miejsce dosta\u0107 mog\u0142a tylko jedna \ud83d\ude42\u00a0<\/em><\/p>\n<p>&nbsp;<\/p>\n<p>&nbsp;<\/p>\n<p><img loading=\"lazy\" decoding=\"async\" class=\"alignnone size-full wp-image-247\" src=\"http:\/\/moonlightkiss.eu\/wp-content\/uploads\/2018\/11\/42-1.jpg\" alt=\"\" width=\"1200\" height=\"751\" srcset=\"https:\/\/moonlightkiss.eu\/wp-content\/uploads\/2018\/11\/42-1.jpg 1200w, https:\/\/moonlightkiss.eu\/wp-content\/uploads\/2018\/11\/42-1-300x188.jpg 300w, https:\/\/moonlightkiss.eu\/wp-content\/uploads\/2018\/11\/42-1-768x481.jpg 768w, https:\/\/moonlightkiss.eu\/wp-content\/uploads\/2018\/11\/42-1-1024x641.jpg 1024w, https:\/\/moonlightkiss.eu\/wp-content\/uploads\/2018\/11\/42-1-479x300.jpg 479w\" sizes=\"(max-width: 1200px) 100vw, 1200px\" \/><\/p>\n<p><img loading=\"lazy\" decoding=\"async\" class=\"alignnone size-full wp-image-248\" src=\"http:\/\/moonlightkiss.eu\/wp-content\/uploads\/2018\/11\/43-1.jpg\" alt=\"\" width=\"900\" height=\"1101\" srcset=\"https:\/\/moonlightkiss.eu\/wp-content\/uploads\/2018\/11\/43-1.jpg 900w, https:\/\/moonlightkiss.eu\/wp-content\/uploads\/2018\/11\/43-1-245x300.jpg 245w, https:\/\/moonlightkiss.eu\/wp-content\/uploads\/2018\/11\/43-1-768x940.jpg 768w, https:\/\/moonlightkiss.eu\/wp-content\/uploads\/2018\/11\/43-1-837x1024.jpg 837w\" sizes=\"(max-width: 900px) 100vw, 900px\" \/><\/p>\n<p>(COFFEE&#8217;s &amp; BIJOU&#8217;s parents : CH. IMPRESSIVE PRESTO Mano Velvetas x CH. KISS MOONLIGHT Laurettisza &#8222;Muna&#8221;)<\/p>\n<p>____________________________________________________________________________________<\/p>\n<p>&nbsp;<\/p>\n<p><span style=\"text-decoration: underline;\"><span style=\"color: #ff0000;\">14.02.2017 &#8211; 4 Birthday Litter &#8222;K&#8221; \/ 4 urodziny Miotu &#8222;K&#8221;<\/span><\/span><\/p>\n<p><a href=\"http:\/\/www.laurettisza.eu\/index.php\/linki\/nowosci-2017r\/razem-miot-k\/\" rel=\"attachment wp-att-1985\"><img loading=\"lazy\" decoding=\"async\" class=\"aligncenter size-full wp-image-1985\" src=\"http:\/\/www.laurettisza.eu\/wp-content\/uploads\/2017\/01\/RAZEM-Miot-K.jpg\" alt=\"razem-miot-k\" width=\"1606\" height=\"1147\" \/><\/a><\/p>\n<p>____________________________________________________________________________________<\/p>\n<p><span style=\"text-decoration: underline; color: #ff0000;\">11.02.2017, Dog Show Cluj-Napoka, Romania<\/span><\/p>\n<ul>\n<li><strong><strong>RESOLUTE SISSI Laurettisza &#8222;Sissi&#8221; is new :<\/strong><\/strong><strong><span style=\"color: #ff0000;\">Romania Champion<\/span><\/strong> !!!!<br \/>\nSissi zosta\u0142a <strong>Championem Rumunii<\/strong> !!<\/li>\n<\/ul>\n<p>&nbsp;<\/p>\n<ul>\n<li>I, excellent, CAC, BOS<\/li>\n<li>I, excellent, CAC, CACIB, BOS<\/li>\n<\/ul>\n<p><img loading=\"lazy\" decoding=\"async\" class=\"alignnone size-full wp-image-249\" src=\"http:\/\/moonlightkiss.eu\/wp-content\/uploads\/2018\/11\/44.jpg\" alt=\"\" width=\"888\" height=\"463\" srcset=\"https:\/\/moonlightkiss.eu\/wp-content\/uploads\/2018\/11\/44.jpg 888w, https:\/\/moonlightkiss.eu\/wp-content\/uploads\/2018\/11\/44-300x156.jpg 300w, https:\/\/moonlightkiss.eu\/wp-content\/uploads\/2018\/11\/44-768x400.jpg 768w, https:\/\/moonlightkiss.eu\/wp-content\/uploads\/2018\/11\/44-500x261.jpg 500w\" sizes=\"(max-width: 888px) 100vw, 888px\" \/><\/p>\n<p>( SISSI&#8217;s parents:<br \/>\nMultiCH, GrandCH Toot Sweet&#8217;s CONFETTI IN THE SNOW &#8222;Cony&#8221;\u00a0x <strong>CH. KISS MOONLIGHT Laurettisza &#8222;Muna&#8221; )<\/strong><\/p>\n<p>____________________________________________________________________________________<\/p>\n<p>&nbsp;<\/p>\n","protected":false},"excerpt":{"rendered":"<p>____________________________________________________________________________________ 2.12.2017r International Dog Show\u00a0San Marino \/ Mi\u0119dzynarodowa wystawa San Marino ROBBER Laurettisza &#8222;Stitch&#8221; &#8211; 1 excellent, CAC, CACIB !!!! \/lokata 1, ocena doskona\u0142a, CWC, CACIB\/ Stitch is CHAMPION San Marino !!! \/Stitch zosta\u0142 CHAMPIONEM SAN MARINO!!!!! Big congratulations to &hellip; <a href=\"https:\/\/moonlightkiss.eu\/index.php\/2-2\/news-2017-nowosci-2017\/\">Czytaj dalej <span class=\"meta-nav\">&rarr;<\/span><\/a><\/p>\n","protected":false},"author":1,"featured_media":0,"parent":48,"menu_order":98,"comment_status":"closed","ping_status":"closed","template":"showcase.php","meta":{"footnotes":""},"_links":{"self":[{"href":"https:\/\/moonlightkiss.eu\/index.php\/wp-json\/wp\/v2\/pages\/176"}],"collection":[{"href":"https:\/\/moonlightkiss.eu\/index.php\/wp-json\/wp\/v2\/pages"}],"about":[{"href":"https:\/\/moonlightkiss.eu\/index.php\/wp-json\/wp\/v2\/types\/page"}],"author":[{"embeddable":true,"href":"https:\/\/moonlightkiss.eu\/index.php\/wp-json\/wp\/v2\/users\/1"}],"replies":[{"embeddable":true,"href":"https:\/\/moonlightkiss.eu\/index.php\/wp-json\/wp\/v2\/comments?post=176"}],"version-history":[{"count":4,"href":"https:\/\/moonlightkiss.eu\/index.php\/wp-json\/wp\/v2\/pages\/176\/revisions"}],"predecessor-version":[{"id":250,"href":"https:\/\/moonlightkiss.eu\/index.php\/wp-json\/wp\/v2\/pages\/176\/revisions\/250"}],"up":[{"embeddable":true,"href":"https:\/\/moonlightkiss.eu\/index.php\/wp-json\/wp\/v2\/pages\/48"}],"wp:attachment":[{"href":"https:\/\/moonlightkiss.eu\/index.php\/wp-json\/wp\/v2\/media?parent=176"}],"curies":[{"name":"wp","href":"https:\/\/api.w.org\/{rel}","templated":true}]}}